{"id":390,"date":"2022-07-20T10:19:16","date_gmt":"2022-07-20T10:19:16","guid":{"rendered":"https:\/\/mistersalud.com\/seguros\/?page_id=390"},"modified":"2022-07-20T10:19:16","modified_gmt":"2022-07-20T10:19:16","slug":"opiniones","status":"publish","type":"page","link":"https:\/\/mistersalud.com\/seguros\/companias\/reale\/opiniones\/","title":{"rendered":"Opiniones Seguro M\u00e9dico Reale"},"content":{"rendered":"\n<p><span style=\"font-weight: 400;\">El seguro de salud correspondiente a la entidad Reale dispone de los mejores servicios sanitarios que necesites en los peores momentos de tu salud. Desde el primer minuto, el cliente est\u00e1 satisfecho y tranquilo sabiendo que est\u00e1 en las mejores manos para controlar su salud en todo momento. Reale cuenta con los mejores profesionales y especialistas altamente cualificados, que tiene un trato muy personal con todo sus clientes. Tambi\u00e9n, esta entidad aseguradora tiene una amplia variedad de coberturas y varios tipos de servicios. Todo la informaci\u00f3n que muestra esta aseguradora en su p\u00e1gina web o en los diferentes folletos son totalmente cierto, encuentras una entidad involucrada con todos sus clientes y, sobre todo, con las familias que le ofrece un seguro m\u00e9dico con asistencia 24 horas todos los d\u00edas del a\u00f1o. En definitiva, con el seguro m\u00e9dico de Reale encontrar\u00e1s la mayor tranquilidad para tu salud y para tu familia, comenzar\u00e1s a vivir las peque\u00f1as cosas de la vida y disfrutar de todo lo que te rodea de una manera diferente.<\/span><\/p>\n<p><span style=\"color: #000000;\"><div class=\"colorf\"><div class=\"container clearfix\"><div class=\"col-md-7\"><div class=\"opiniones\"><\/span><\/p>\n<h2>Opiniones de clientes del seguro m\u00e9dico de Reale<\/h2>\n<p><span style=\"color: #000000;\"><div class=\"opinion \"  >\n\t\t\t<div class=\"cabecera_opinion\">\n\t\t\t\t<div class=\"avatar\">D M <\/div>\n\t\t\t\t<div class=\"datos_opinion\">\n\t\t\t\t\t<div class=\"nombre_opinion\">Demetrio Megias<\/div>\n\t\t\t\t\t<div class=\"info_opinion\">\t\t\t\t\t\t\n\t\t\t\t\t\t<div class=\"cuenta_opinion\"><i class=\"fas fa-pencil-alt\"><\/i><!--span class=\"dashicons dashicons-edit\" style=\"font-size:20px\"><\/span--><span>1 Opini\u00f3n<\/span><\/div>\t\t\t\t\t\t\n\t\t\t\t\t\t<div class=\"localizacion_opinion\">\n\t\t\t\t\t\t\t<i class=\"fas fa-map-marker-alt\"><\/i><!--span class=\"dashicons dashicons-location\" style=\"font-size:20px\"><\/span-->\n\t\t\t\t\t\t\t<span>ES<\/span>\n\t\t\t\t\t\t<\/div>\t\n\t\t\t\t\t<\/div>\n\t\t\t\t<\/div>\n\t\t\t<\/div><div class=\"texto_opinion\"><\/span><\/p>\n<p>Desde mi experiencia, el seguro m\u00e9dico Reale tiene todo lo disponible y con los mejores profesionales.<\/p>\n<p><span style=\"color: #000000;\"><\/div><\/div> <\/span><span style=\"color: #000000;\"><div class=\"opinion \"  >\n\t\t\t<div class=\"cabecera_opinion\">\n\t\t\t\t<div class=\"avatar\">R O <\/div>\n\t\t\t\t<div class=\"datos_opinion\">\n\t\t\t\t\t<div class=\"nombre_opinion\">Rosario Ochoa<\/div>\n\t\t\t\t\t<div class=\"info_opinion\">\t\t\t\t\t\t\n\t\t\t\t\t\t<div class=\"cuenta_opinion\"><i class=\"fas fa-pencil-alt\"><\/i><!--span class=\"dashicons dashicons-edit\" style=\"font-size:20px\"><\/span--><span>1 Opini\u00f3n<\/span><\/div>\t\t\t\t\t\t\n\t\t\t\t\t\t<div class=\"localizacion_opinion\">\n\t\t\t\t\t\t\t<i class=\"fas fa-map-marker-alt\"><\/i><!--span class=\"dashicons dashicons-location\" style=\"font-size:20px\"><\/span-->\n\t\t\t\t\t\t\t<span>ES<\/span>\n\t\t\t\t\t\t<\/div>\t\n\t\t\t\t\t<\/div>\n\t\t\t\t<\/div>\n\t\t\t<\/div><div class=\"texto_opinion\"><\/span><\/p>\n<p><span style=\"font-weight: 400;\">Todo lo que buscaba para mi familia lo he encontrado, tanto servicios sanitarios como el trato personal.<\/span><\/p>\n<p><span style=\"color: #000000;\"><\/div><\/div> <\/span><span style=\"color: #000000;\"><div class=\"opinion \"  >\n\t\t\t<div class=\"cabecera_opinion\">\n\t\t\t\t<div class=\"avatar\">D G <\/div>\n\t\t\t\t<div class=\"datos_opinion\">\n\t\t\t\t\t<div class=\"nombre_opinion\">Delfina Guisado<\/div>\n\t\t\t\t\t<div class=\"info_opinion\">\t\t\t\t\t\t\n\t\t\t\t\t\t<div class=\"cuenta_opinion\"><i class=\"fas fa-pencil-alt\"><\/i><!--span class=\"dashicons dashicons-edit\" style=\"font-size:20px\"><\/span--><span>1 Opini\u00f3n<\/span><\/div>\t\t\t\t\t\t\n\t\t\t\t\t\t<div class=\"localizacion_opinion\">\n\t\t\t\t\t\t\t<i class=\"fas fa-map-marker-alt\"><\/i><!--span class=\"dashicons dashicons-location\" style=\"font-size:20px\"><\/span-->\n\t\t\t\t\t\t\t<span>ES<\/span>\n\t\t\t\t\t\t<\/div>\t\n\t\t\t\t\t<\/div>\n\t\t\t\t<\/div>\n\t\t\t<\/div><div class=\"texto_opinion\"><\/span><\/p>\n<p><span style=\"font-weight: 400;\">Siempre he querido tener un seguro de salud para tener una mayor tranquilidad en mi d\u00eda a d\u00eda.<\/span><\/p>\n<p><span style=\"color: #000000;\"><\/div><\/div> <\/span><span style=\"color: #000000;\"><div class=\"opinion \"  >\n\t\t\t<div class=\"cabecera_opinion\">\n\t\t\t\t<div class=\"avatar\">A M <\/div>\n\t\t\t\t<div class=\"datos_opinion\">\n\t\t\t\t\t<div class=\"nombre_opinion\">Amal Meseguer<\/div>\n\t\t\t\t\t<div class=\"info_opinion\">\t\t\t\t\t\t\n\t\t\t\t\t\t<div class=\"cuenta_opinion\"><i class=\"fas fa-pencil-alt\"><\/i><!--span class=\"dashicons dashicons-edit\" style=\"font-size:20px\"><\/span--><span>1 Opini\u00f3n<\/span><\/div>\t\t\t\t\t\t\n\t\t\t\t\t\t<div class=\"localizacion_opinion\">\n\t\t\t\t\t\t\t<i class=\"fas fa-map-marker-alt\"><\/i><!--span class=\"dashicons dashicons-location\" style=\"font-size:20px\"><\/span-->\n\t\t\t\t\t\t\t<span>ES<\/span>\n\t\t\t\t\t\t<\/div>\t\n\t\t\t\t\t<\/div>\n\t\t\t\t<\/div>\n\t\t\t<\/div><div class=\"texto_opinion\"><\/span><\/p>\n<p><span style=\"font-weight: 400;\">Decepci\u00f3n es la palabra que define mi seguro, varios servicios no entran en mi seguro m\u00e9dico y todo es por la mala informaci\u00f3n\u00a0 empleada.<\/span><\/p>\n<p><span style=\"color: #000000;\"><\/div><\/div> <\/span><span style=\"color: #000000;\"><div class=\"opinion \"  >\n\t\t\t<div class=\"cabecera_opinion\">\n\t\t\t\t<div class=\"avatar\">J R <\/div>\n\t\t\t\t<div class=\"datos_opinion\">\n\t\t\t\t\t<div class=\"nombre_opinion\">Javi Rubio<\/div>\n\t\t\t\t\t<div class=\"info_opinion\">\t\t\t\t\t\t\n\t\t\t\t\t\t<div class=\"cuenta_opinion\"><i class=\"fas fa-pencil-alt\"><\/i><!--span class=\"dashicons dashicons-edit\" style=\"font-size:20px\"><\/span--><span>1 Opini\u00f3n<\/span><\/div>\t\t\t\t\t\t\n\t\t\t\t\t\t<div class=\"localizacion_opinion\">\n\t\t\t\t\t\t\t<i class=\"fas fa-map-marker-alt\"><\/i><!--span class=\"dashicons dashicons-location\" style=\"font-size:20px\"><\/span-->\n\t\t\t\t\t\t\t<span>ES<\/span>\n\t\t\t\t\t\t<\/div>\t\n\t\t\t\t\t<\/div>\n\t\t\t\t<\/div>\n\t\t\t<\/div><div class=\"texto_opinion\"><\/span><\/p>\n<p><span style=\"font-weight: 400;\">La relaci\u00f3n calidad-precio es inmejorable. No solo por la comodidad del pago sino por la enorme calidad que hay en los servicios sanitarios.<\/span><\/p>\n<p><span style=\"color: #000000;\"><\/div><\/div> <\/span><span style=\"color: #000000;\"><div class=\"opinion \"  >\n\t\t\t<div class=\"cabecera_opinion\">\n\t\t\t\t<div class=\"avatar\">S B <\/div>\n\t\t\t\t<div class=\"datos_opinion\">\n\t\t\t\t\t<div class=\"nombre_opinion\">Saida Barreiro<\/div>\n\t\t\t\t\t<div class=\"info_opinion\">\t\t\t\t\t\t\n\t\t\t\t\t\t<div class=\"cuenta_opinion\"><i class=\"fas fa-pencil-alt\"><\/i><!--span class=\"dashicons dashicons-edit\" style=\"font-size:20px\"><\/span--><span>1 Opini\u00f3n<\/span><\/div>\t\t\t\t\t\t\n\t\t\t\t\t\t<div class=\"localizacion_opinion\">\n\t\t\t\t\t\t\t<i class=\"fas fa-map-marker-alt\"><\/i><!--span class=\"dashicons dashicons-location\" style=\"font-size:20px\"><\/span-->\n\t\t\t\t\t\t\t<span>ES<\/span>\n\t\t\t\t\t\t<\/div>\t\n\t\t\t\t\t<\/div>\n\t\t\t\t<\/div>\n\t\t\t<\/div><div class=\"texto_opinion\"><\/span><\/p>\n<p><span style=\"font-weight: 400;\">No estoy acostumbrada que alguien que no me conozco me trate tan bien, son unos profesionales en todos los aspectos.\u00a0<\/span><\/p>\n<p><span style=\"color: #000000;\"><\/div><\/div> <\/span><span style=\"color: #000000;\"><div class=\"opinion \"  >\n\t\t\t<div class=\"cabecera_opinion\">\n\t\t\t\t<div class=\"avatar\">V V <\/div>\n\t\t\t\t<div class=\"datos_opinion\">\n\t\t\t\t\t<div class=\"nombre_opinion\">Vega Valls<\/div>\n\t\t\t\t\t<div class=\"info_opinion\">\t\t\t\t\t\t\n\t\t\t\t\t\t<div class=\"cuenta_opinion\"><i class=\"fas fa-pencil-alt\"><\/i><!--span class=\"dashicons dashicons-edit\" style=\"font-size:20px\"><\/span--><span>1 Opini\u00f3n<\/span><\/div>\t\t\t\t\t\t\n\t\t\t\t\t\t<div class=\"localizacion_opinion\">\n\t\t\t\t\t\t\t<i class=\"fas fa-map-marker-alt\"><\/i><!--span class=\"dashicons dashicons-location\" style=\"font-size:20px\"><\/span-->\n\t\t\t\t\t\t\t<span>ES<\/span>\n\t\t\t\t\t\t<\/div>\t\n\t\t\t\t\t<\/div>\n\t\t\t\t<\/div>\n\t\t\t<\/div><div class=\"texto_opinion\"><\/span><\/p>\n<p><span style=\"font-weight: 400;\">Enormemente agradecido por el trato de las personas que forman este seguro m\u00e9dico y una rapidez en todo los tr\u00e1mites.\u00a0<\/span><\/p>\n<p><span style=\"color: #000000;\"><\/div><\/div> <\/span><span style=\"color: #000000;\"><div class=\"opinion \"  >\n\t\t\t<div class=\"cabecera_opinion\">\n\t\t\t\t<div class=\"avatar\">S N <\/div>\n\t\t\t\t<div class=\"datos_opinion\">\n\t\t\t\t\t<div class=\"nombre_opinion\">Samir Nu\u00f1ez<\/div>\n\t\t\t\t\t<div class=\"info_opinion\">\t\t\t\t\t\t\n\t\t\t\t\t\t<div class=\"cuenta_opinion\"><i class=\"fas fa-pencil-alt\"><\/i><!--span class=\"dashicons dashicons-edit\" style=\"font-size:20px\"><\/span--><span>1 Opini\u00f3n<\/span><\/div>\t\t\t\t\t\t\n\t\t\t\t\t\t<div class=\"localizacion_opinion\">\n\t\t\t\t\t\t\t<i class=\"fas fa-map-marker-alt\"><\/i><!--span class=\"dashicons dashicons-location\" style=\"font-size:20px\"><\/span-->\n\t\t\t\t\t\t\t<span>ES<\/span>\n\t\t\t\t\t\t<\/div>\t\n\t\t\t\t\t<\/div>\n\t\t\t\t<\/div>\n\t\t\t<\/div><div class=\"texto_opinion\"><\/span><\/p>\n<p>Tras hacer una comparaci\u00f3n en MisterSalud, encontr\u00e9 esta compa\u00f1\u00eda porque era la que ten\u00eda mejor precio y no me ha defraudado respecto a los servicios.<\/p>\n<p><span style=\"color: #000000;\"><\/div><\/div> <\/span><span style=\"color: #000000;\"><div class=\"opinion \"  >\n\t\t\t<div class=\"cabecera_opinion\">\n\t\t\t\t<div class=\"avatar\">A N <\/div>\n\t\t\t\t<div class=\"datos_opinion\">\n\t\t\t\t\t<div class=\"nombre_opinion\">Alejandro Navarro<\/div>\n\t\t\t\t\t<div class=\"info_opinion\">\t\t\t\t\t\t\n\t\t\t\t\t\t<div class=\"cuenta_opinion\"><i class=\"fas fa-pencil-alt\"><\/i><!--span class=\"dashicons dashicons-edit\" style=\"font-size:20px\"><\/span--><span>1 Opini\u00f3n<\/span><\/div>\t\t\t\t\t\t\n\t\t\t\t\t\t<div class=\"localizacion_opinion\">\n\t\t\t\t\t\t\t<i class=\"fas fa-map-marker-alt\"><\/i><!--span class=\"dashicons dashicons-location\" style=\"font-size:20px\"><\/span-->\n\t\t\t\t\t\t\t<span>ES<\/span>\n\t\t\t\t\t\t<\/div>\t\n\t\t\t\t\t<\/div>\n\t\t\t\t<\/div>\n\t\t\t<\/div><div class=\"texto_opinion\"><\/span><\/p>\n<p><span style=\"font-weight: 400;\">Este seguro m\u00e9dico es excelente y, sobre todo, para mi familia ha sido un regalo poder contar con una compa\u00f1\u00eda inmejorable.<\/span><\/p>\n<p><span style=\"color: #000000;\"><\/div><\/div> <\/span><span style=\"color: #000000;\"><div class=\"opinion \"  >\n\t\t\t<div class=\"cabecera_opinion\">\n\t\t\t\t<div class=\"avatar\">V C <\/div>\n\t\t\t\t<div class=\"datos_opinion\">\n\t\t\t\t\t<div class=\"nombre_opinion\">Vega Cornejo<\/div>\n\t\t\t\t\t<div class=\"info_opinion\">\t\t\t\t\t\t\n\t\t\t\t\t\t<div class=\"cuenta_opinion\"><i class=\"fas fa-pencil-alt\"><\/i><!--span class=\"dashicons dashicons-edit\" style=\"font-size:20px\"><\/span--><span>1 Opini\u00f3n<\/span><\/div>\t\t\t\t\t\t\n\t\t\t\t\t\t<div class=\"localizacion_opinion\">\n\t\t\t\t\t\t\t<i class=\"fas fa-map-marker-alt\"><\/i><!--span class=\"dashicons dashicons-location\" style=\"font-size:20px\"><\/span-->\n\t\t\t\t\t\t\t<span>ES<\/span>\n\t\t\t\t\t\t<\/div>\t\n\t\t\t\t\t<\/div>\n\t\t\t\t<\/div>\n\t\t\t<\/div><div class=\"texto_opinion\"><\/span><\/p>\n<p>Estoy muy contento con mi seguro y con el precio, en general con todo.<\/p>\n<p><span style=\"color: #000000;\"><\/div><\/div> <\/div><\/div><\/div><\/div><\/span><\/p>\n<h2>Valoraci\u00f3n del Seguro m\u00e9dico Reale<\/h2>\n<p>En los \u00faltimo a\u00f1os Reale ha experimentado una gran crecimiento dentro del mundo de los seguros m\u00e9dicos, todo ello es gracias en su mayor\u00eda a las opiniones de sus clientes y toda la informaci\u00f3n aportada por la aseguradora. Adem\u00e1s de las valoraciones, los datos avalan el repunte que ha vivido esta entidad respecto a a\u00f1os anteriores. Reale ha sumado una gran cantidad de seguidores y clientes, por ello este aseguradora se consolida como una de las principales dentro del territorio nacional. No solo los datos avalan este crecimiento, los clientes son otro factor que ha propiciado el aumento de asegurados por las buenas criticas recibidas. <span style=\"font-weight: 400;\">Tambi\u00e9n, los especialistas juegan un papel fundamental y por ellos las valoraciones hac\u00eda ellos son muy buenas, ya que realizan los servicios que no est\u00e1n al alcance de todas las personas. Por lo tanto, Reale tiene una gran cantidad de valoraciones positivas y ninguna en contra por la buena labor que realiza dentro de Espa\u00f1a, por todo esto se consolida como una de las empresas m\u00e1s importantes dentro del mercado de seguros.<\/span><\/p>\n<p><span style=\"color: #000000;\"><div class=\"colorf \"  ><div class=\"container clearfix\"><div class=\"col-md-7\"><\/span><\/p>\n<h2>Opiniones seguro m\u00e9dico sin copago Reale<\/h2>\n<p><span style=\"font-weight: 400;\">Uno de los apartados m\u00e1s importantes dentro de contratar un seguro m\u00e9dico es la forma de pago o las posibilidades de abonar de una manera u otra el pago del seguro m\u00e9dico. Por ello, Reale ofrece todos los servicios sin tener que aplicar el modelo de copago, por lo tanto no hay problema para obtener dicha modalidad. Las opiniones que ha recibido esta compa\u00f1\u00eda y sigue recibiendo son numerosas, la mayor\u00eda son positivas relacionadas con este apartado. Adem\u00e1s, cualquier tipo de duda que surge antes de contratar el seguro m\u00e9dico de esta compa\u00f1\u00eda, tienes siempre el servicio de teleoperadores que te solucionan de la manera m\u00e1s r\u00e1pida y sencilla todas esas dudas que aparecen.<\/span><\/p>\n<p><\/div><\/div><\/div><\/p>\n<h2>Opiniones seguro m\u00e9dico sin carencia Reale<\/h2>\n<p><span style=\"font-weight: 400;\">Reale ofrece cualquier tipo de servicio o cobertura sin cobertura, es decir, desde que contratas el seguro tienes disponibles todos las p\u00f3lizas con sus respectivos servicios. Esta compa\u00f1\u00eda no esconde nada y en la prestaci\u00f3n de su asistencia sanitaria se observa perfectamente como no quiere desfavorecer a ninguna persona que se d\u00e9 de alta en su seguro m\u00e9dico. Otra de las opiniones m\u00e1s destacadas que tienen sus clientes es la rapidez con la que pueden utilizar sus servicios, sobre todo el de la asistencia sanitaria las 24 horas y el servicio hospitalario. Por lo tanto, es una de las aseguradoras donde encontrar\u00e1s la mejor relaci\u00f3n precio-calidad, porque las opiniones de sus clientes avalan la gran calidad que tiene Reale y el precio que tiene es de las mejores que vas a encontrar en el mercado.<\/span><\/p>\n<p><span style=\"color: #000000;\"><div class=\"colorf \"  ><div class=\"container clearfix\"><div class=\"col-md-7\"><\/span><\/p>\n<h2><b>Conclusi\u00f3n sobre las opiniones del seguro m\u00e9dico Reale<\/b><\/h2>\n<p>En definitiva, el seguro m\u00e9dico Reale destaca por su amplia carta de servicios y por el trato de los profesionales que dan forma a este seguro. Por todo esto, Reale es una de las aseguradoras m\u00e1s valoradas y con mayor reputaci\u00f3n dentro del territorio nacional, adem\u00e1s que cuenta con una larga trayectoria dentro del mundo de seguros. Por lo tanto, esta entidad aseguradora es de las m\u00e1s destacadas y podr\u00e1s encontrar la tranquilidad necesaria para poder vivir de los peque\u00f1os detalles de la vida y poner tu salud en mano de los mejores profesionales.<\/p>\n<p><\/div><\/div><\/div><\/p>\n<p><!-- No shortcodes are defined -->\u00a0<!-- No shortcodes are defined --><\/p>\n","protected":false},"excerpt":{"rendered":"<p>El seguro de salud correspondiente a la entidad Reale dispone de los mejores servicios sanitarios que necesites en los peores momentos de tu salud. Desde el primer minuto, el cliente est\u00e1 satisfecho y tranquilo sabiendo que est\u00e1 en las mejores manos para controlar su salud en todo momento. Reale cuenta con los mejores profesionales y&hellip; <\/p>\n","protected":false},"author":4,"featured_media":0,"parent":263,"menu_order":0,"comment_status":"closed","ping_status":"closed","template":"single.php","meta":{"footnotes":""},"class_list":["post-390","page","type-page","status-publish","hentry"],"yoast_head":"<!-- This site is optimized with the Yoast SEO plugin v27.5 - https:\/\/yoast.com\/product\/yoast-seo-wordpress\/ -->\n<title>Opiniones Seguro M\u00e9dico Reale - misterSalud<\/title>\n<meta name=\"robots\" content=\"index, follow, max-snippet:-1, max-image-preview:large, max-video-preview:-1\" \/>\n<link rel=\"canonical\" href=\"https:\/\/mistersalud.com\/seguros\/companias\/reale\/opiniones\/\" \/>\n<meta property=\"og:locale\" content=\"es_ES\" \/>\n<meta property=\"og:type\" content=\"article\" \/>\n<meta property=\"og:title\" content=\"Opiniones Seguro M\u00e9dico Reale - misterSalud\" \/>\n<meta property=\"og:description\" content=\"El seguro de salud correspondiente a la entidad Reale dispone de los mejores servicios sanitarios que necesites en los peores momentos de tu salud. Desde el primer minuto, el cliente est\u00e1 satisfecho y tranquilo sabiendo que est\u00e1 en las mejores manos para controlar su salud en todo momento. Reale cuenta con los mejores profesionales y&hellip;\" \/>\n<meta property=\"og:url\" content=\"https:\/\/mistersalud.com\/seguros\/companias\/reale\/opiniones\/\" \/>\n<meta property=\"og:site_name\" content=\"misterSalud\" \/>\n<meta name=\"twitter:card\" content=\"summary_large_image\" \/>\n<meta name=\"twitter:label1\" content=\"Tiempo de lectura\" \/>\n\t<meta name=\"twitter:data1\" content=\"5 minutos\" \/>\n<script type=\"application\/ld+json\" class=\"yoast-schema-graph\">{\"@context\":\"https:\\\/\\\/schema.org\",\"@graph\":[{\"@type\":\"WebPage\",\"@id\":\"https:\\\/\\\/mistersalud.com\\\/seguros\\\/companias\\\/reale\\\/opiniones\\\/\",\"url\":\"https:\\\/\\\/mistersalud.com\\\/seguros\\\/companias\\\/reale\\\/opiniones\\\/\",\"name\":\"Opiniones Seguro M\u00e9dico Reale - misterSalud\",\"isPartOf\":{\"@id\":\"https:\\\/\\\/mistersalud.com\\\/seguros\\\/#website\"},\"datePublished\":\"2022-07-20T10:19:16+00:00\",\"breadcrumb\":{\"@id\":\"https:\\\/\\\/mistersalud.com\\\/seguros\\\/companias\\\/reale\\\/opiniones\\\/#breadcrumb\"},\"inLanguage\":\"es\",\"potentialAction\":[{\"@type\":\"ReadAction\",\"target\":[\"https:\\\/\\\/mistersalud.com\\\/seguros\\\/companias\\\/reale\\\/opiniones\\\/\"]}]},{\"@type\":\"BreadcrumbList\",\"@id\":\"https:\\\/\\\/mistersalud.com\\\/seguros\\\/companias\\\/reale\\\/opiniones\\\/#breadcrumb\",\"itemListElement\":[{\"@type\":\"ListItem\",\"position\":1,\"name\":\"Portada\",\"item\":\"https:\\\/\\\/mistersalud.com\\\/seguros\\\/\"},{\"@type\":\"ListItem\",\"position\":2,\"name\":\"Compa\u00f1\u00edas de Seguros de Salud en Espa\u00f1a\",\"item\":\"https:\\\/\\\/mistersalud.com\\\/seguros\\\/companias\\\/\"},{\"@type\":\"ListItem\",\"position\":3,\"name\":\"Seguro M\u00e9dico Reale\",\"item\":\"https:\\\/\\\/mistersalud.com\\\/seguros\\\/companias\\\/reale\\\/\"},{\"@type\":\"ListItem\",\"position\":4,\"name\":\"Opiniones Seguro M\u00e9dico Reale\"}]},{\"@type\":\"WebSite\",\"@id\":\"https:\\\/\\\/mistersalud.com\\\/seguros\\\/#website\",\"url\":\"https:\\\/\\\/mistersalud.com\\\/seguros\\\/\",\"name\":\"misterSalud\",\"description\":\"\",\"publisher\":{\"@id\":\"https:\\\/\\\/mistersalud.com\\\/seguros\\\/#organization\"},\"potentialAction\":[{\"@type\":\"SearchAction\",\"target\":{\"@type\":\"EntryPoint\",\"urlTemplate\":\"https:\\\/\\\/mistersalud.com\\\/seguros\\\/?s={search_term_string}\"},\"query-input\":{\"@type\":\"PropertyValueSpecification\",\"valueRequired\":true,\"valueName\":\"search_term_string\"}}],\"inLanguage\":\"es\"},{\"@type\":\"Organization\",\"@id\":\"https:\\\/\\\/mistersalud.com\\\/seguros\\\/#organization\",\"name\":\"misterSalud\",\"url\":\"https:\\\/\\\/mistersalud.com\\\/seguros\\\/\",\"logo\":{\"@type\":\"ImageObject\",\"inLanguage\":\"es\",\"@id\":\"https:\\\/\\\/mistersalud.com\\\/seguros\\\/#\\\/schema\\\/logo\\\/image\\\/\",\"url\":\"https:\\\/\\\/mistersalud.com\\\/seguros\\\/wp-content\\\/uploads\\\/2022\\\/05\\\/logo-mistersalud.png\",\"contentUrl\":\"https:\\\/\\\/mistersalud.com\\\/seguros\\\/wp-content\\\/uploads\\\/2022\\\/05\\\/logo-mistersalud.png\",\"width\":178,\"height\":89,\"caption\":\"misterSalud\"},\"image\":{\"@id\":\"https:\\\/\\\/mistersalud.com\\\/seguros\\\/#\\\/schema\\\/logo\\\/image\\\/\"}}]}<\/script>\n<!-- \/ Yoast SEO plugin. -->","yoast_head_json":{"title":"Opiniones Seguro M\u00e9dico Reale - misterSalud","robots":{"index":"index","follow":"follow","max-snippet":"max-snippet:-1","max-image-preview":"max-image-preview:large","max-video-preview":"max-video-preview:-1"},"canonical":"https:\/\/mistersalud.com\/seguros\/companias\/reale\/opiniones\/","og_locale":"es_ES","og_type":"article","og_title":"Opiniones Seguro M\u00e9dico Reale - misterSalud","og_description":"El seguro de salud correspondiente a la entidad Reale dispone de los mejores servicios sanitarios que necesites en los peores momentos de tu salud. Desde el primer minuto, el cliente est\u00e1 satisfecho y tranquilo sabiendo que est\u00e1 en las mejores manos para controlar su salud en todo momento. Reale cuenta con los mejores profesionales y&hellip;","og_url":"https:\/\/mistersalud.com\/seguros\/companias\/reale\/opiniones\/","og_site_name":"misterSalud","twitter_card":"summary_large_image","twitter_misc":{"Tiempo de lectura":"5 minutos"},"schema":{"@context":"https:\/\/schema.org","@graph":[{"@type":"WebPage","@id":"https:\/\/mistersalud.com\/seguros\/companias\/reale\/opiniones\/","url":"https:\/\/mistersalud.com\/seguros\/companias\/reale\/opiniones\/","name":"Opiniones Seguro M\u00e9dico Reale - misterSalud","isPartOf":{"@id":"https:\/\/mistersalud.com\/seguros\/#website"},"datePublished":"2022-07-20T10:19:16+00:00","breadcrumb":{"@id":"https:\/\/mistersalud.com\/seguros\/companias\/reale\/opiniones\/#breadcrumb"},"inLanguage":"es","potentialAction":[{"@type":"ReadAction","target":["https:\/\/mistersalud.com\/seguros\/companias\/reale\/opiniones\/"]}]},{"@type":"BreadcrumbList","@id":"https:\/\/mistersalud.com\/seguros\/companias\/reale\/opiniones\/#breadcrumb","itemListElement":[{"@type":"ListItem","position":1,"name":"Portada","item":"https:\/\/mistersalud.com\/seguros\/"},{"@type":"ListItem","position":2,"name":"Compa\u00f1\u00edas de Seguros de Salud en Espa\u00f1a","item":"https:\/\/mistersalud.com\/seguros\/companias\/"},{"@type":"ListItem","position":3,"name":"Seguro M\u00e9dico Reale","item":"https:\/\/mistersalud.com\/seguros\/companias\/reale\/"},{"@type":"ListItem","position":4,"name":"Opiniones Seguro M\u00e9dico Reale"}]},{"@type":"WebSite","@id":"https:\/\/mistersalud.com\/seguros\/#website","url":"https:\/\/mistersalud.com\/seguros\/","name":"misterSalud","description":"","publisher":{"@id":"https:\/\/mistersalud.com\/seguros\/#organization"},"potentialAction":[{"@type":"SearchAction","target":{"@type":"EntryPoint","urlTemplate":"https:\/\/mistersalud.com\/seguros\/?s={search_term_string}"},"query-input":{"@type":"PropertyValueSpecification","valueRequired":true,"valueName":"search_term_string"}}],"inLanguage":"es"},{"@type":"Organization","@id":"https:\/\/mistersalud.com\/seguros\/#organization","name":"misterSalud","url":"https:\/\/mistersalud.com\/seguros\/","logo":{"@type":"ImageObject","inLanguage":"es","@id":"https:\/\/mistersalud.com\/seguros\/#\/schema\/logo\/image\/","url":"https:\/\/mistersalud.com\/seguros\/wp-content\/uploads\/2022\/05\/logo-mistersalud.png","contentUrl":"https:\/\/mistersalud.com\/seguros\/wp-content\/uploads\/2022\/05\/logo-mistersalud.png","width":178,"height":89,"caption":"misterSalud"},"image":{"@id":"https:\/\/mistersalud.com\/seguros\/#\/schema\/logo\/image\/"}}]}},"_links":{"self":[{"href":"https:\/\/mistersalud.com\/seguros\/wp-json\/wp\/v2\/pages\/390","targetHints":{"allow":["GET"]}}],"collection":[{"href":"https:\/\/mistersalud.com\/seguros\/wp-json\/wp\/v2\/pages"}],"about":[{"href":"https:\/\/mistersalud.com\/seguros\/wp-json\/wp\/v2\/types\/page"}],"author":[{"embeddable":true,"href":"https:\/\/mistersalud.com\/seguros\/wp-json\/wp\/v2\/users\/4"}],"replies":[{"embeddable":true,"href":"https:\/\/mistersalud.com\/seguros\/wp-json\/wp\/v2\/comments?post=390"}],"version-history":[{"count":2,"href":"https:\/\/mistersalud.com\/seguros\/wp-json\/wp\/v2\/pages\/390\/revisions"}],"predecessor-version":[{"id":392,"href":"https:\/\/mistersalud.com\/seguros\/wp-json\/wp\/v2\/pages\/390\/revisions\/392"}],"up":[{"embeddable":true,"href":"https:\/\/mistersalud.com\/seguros\/wp-json\/wp\/v2\/pages\/263"}],"wp:attachment":[{"href":"https:\/\/mistersalud.com\/seguros\/wp-json\/wp\/v2\/media?parent=390"}],"curies":[{"name":"wp","href":"https:\/\/api.w.org\/{rel}","templated":true}]}}