{"id":132,"date":"2022-05-30T12:01:53","date_gmt":"2022-05-30T12:01:53","guid":{"rendered":"https:\/\/mistersalud.com\/seguros\/?page_id=132"},"modified":"2022-05-30T12:01:53","modified_gmt":"2022-05-30T12:01:53","slug":"meridiano","status":"publish","type":"page","link":"https:\/\/mistersalud.com\/seguros\/companias\/meridiano\/","title":{"rendered":"Seguro m\u00e9dico Meridiano"},"content":{"rendered":"\n<p>La compa\u00f1\u00eda Meridiano es una de las compa\u00f1\u00edas de seguros de decesos m\u00e1s importantes de Espa\u00f1a. En sus m\u00e1s de 50 a\u00f1os de experiencia, ha conseguido una amplia red de clientes y oficinas en todo el territorio nacional. Fue creada en 1966 y desde entonces ha ido creciendo de forma exponencial y, en 2003, pas\u00f3 a formar parte del grupo ASV, una empresa l\u00edder en servicios funerarios y de transporte sanitario. Es una compa\u00f1\u00eda cuyo objetivo principal es velar por las personas, ofreci\u00e9ndoles la seguridad, la confianza y la tranquilidad necesaria que necesitan en todos los servicios que ofrecen.<\/p>\n<p>Los valores que caracterizan a Meridiano guardan relaci\u00f3n con el objetivo de fomentar la buena valoraci\u00f3n de sus clientes, para que puedan juzgar por ellos mismos unos servicios que se caracterizan por la humildad, el respeto, la responsabilidad, el trabajo en equipo o el esfuerzo por ofrecer la mejor orientaci\u00f3n a sus clientes. Adem\u00e1s, la compa\u00f1\u00eda apuesta por mejorar el entorno social, econ\u00f3mico y ambiental con responsabilidades sociales que engloban a todos los miembros de la empresa.<\/p>\n<p>Los seguros que ofrece actualmente Meridiano son \u00fanicamente seguros de decesos y hogar, no obstante, dentro de las coberturas que te ofrecen con este seguro se encuentra la del acceso a un seguro m\u00e9dico que te localiza el especialista que desees, con un gran descuento.<\/p>\n<div class=\"colorf \"  ><div class=\"container clearfix\"><div class=\"col-md-7\"><\/p>\n<h2><b>Cuadro m\u00e9dico de Meridiano<\/b><\/h2>\n<p>En el seguro de deceso del grupo Meridiano cuentan con unas amplias coberturas para la salud, con la posibilidad de acceder a un cuadro m\u00e9dico de excelente calidad y disponible en cualquier ubicaci\u00f3n. Te ofrecen la garant\u00eda de tenerlo todo al alcance de la mano a trav\u00e9s de su aplicaci\u00f3n de salud, con asistencia m\u00e9dica online gratuita y muchas m\u00e1s ventajas.<\/p>\n<p>No obstante, las coberturas m\u00e9dicas que te ofrece la compa\u00f1\u00eda Meridiano est\u00e1n sujetas a los precios que demanden los m\u00e9dicos y aplic\u00e1ndote un gran descuento. Hay muchas otras compa\u00f1\u00edas que te ofrecen la seguridad de tener un seguro de salud a un precio muy econ\u00f3mico y con un excelente cuadro m\u00e9dico. Desde Mister Salud podr\u00e1s asegurarte t\u00fa mismo de todas las ventajas de estas compa\u00f1\u00edas, comparando entre las opciones para conseguir la que mejor se adapte a lo que buscas.<\/p>\n<p><\/div><\/div><\/div>\n<h2><b>Coberturas del seguro de salud Meridiano<\/b><\/h2>\n<p>La compa\u00f1\u00eda de seguros de decesos y hogar ofrece con sus p\u00f3lizas la opci\u00f3n de acceder a un cuadro m\u00e9dico a disposici\u00f3n de sus clientes con una amplia variedad de especialistas y centros hospitalarios cerca de ti, en los que te garanticen todo tipo de coberturas con grandes descuentos por la compa\u00f1\u00eda. No obstante, la aseguradora Meridiano no ofrece un seguro de salud \u00edntegro y fijo, donde pagas una cuota u otra dependiendo de los servicios, por eso, en desde la web Mister Salud te invitamos a que mires la opci\u00f3n que m\u00e1s se asemeje a tus intereses, para que puedas disfrutar de todas las ventajas de acceder a la sanidad privada y a los mejores precios. Compara desde nuestra web la compa\u00f1\u00eda que cubra las coberturas que t\u00fa mismo desees, acorde a lo que necesites tanto t\u00fa, como tu familia.<\/p>\n<div class=\"colorf\"><div class=\"container clearfix\"><div class=\"col-md-7\"><div class=\"tipos\"><svg id=\"stars\" style=\"display: none;\" version=\"1.1\">\n\t<symbol id=\"stars-full-star\" viewBox=\"0 0 102 18\">\n\t\t<path d=\"M9.5 14.25l-5.584 2.936 1.066-6.218L.465 6.564l6.243-.907L9.5 0l2.792 5.657 6.243.907-4.517 4.404 1.066 6.218\" \/>\n\t<\/symbol>\n\n\t<symbol id=\"stars-half-star\" viewBox=\"0 0 102 18\">\n\t\t<path d=\"M9.5 14.25l-5.584 2.936 1.066-6.218L.465 6.564l6.243-.907L9.5 0l2.792\" fill=\"#ffdc0f\" \/>\n\t<\/symbol>\n\n\t<symbol id=\"stars-all-star\" viewBox=\"0 0 102 18\">\n\t\t<use xlink:href=\"#stars-full-star\" \/>\n\t\t<use xlink:href=\"#stars-full-star\" transform=\"translate(21)\" \/>\n\t\t<use xlink:href=\"#stars-full-star\" transform=\"translate(42)\" \/>\n\t\t<use xlink:href=\"#stars-full-star\" transform=\"translate(63)\" \/>\n\t\t<use xlink:href=\"#stars-full-star\" transform=\"translate(84)\" \/>\n\t<\/symbol>\n\n\t<symbol id=\"stars-0\" viewBox=\"0 0 102 18\">\n\t\t<use xlink:href=\"#stars-all-star\" fill=\"#e5e5e5\" \/>\n\t<\/symbol>\n\n\t<symbol id=\"stars-1\" viewBox=\"0 0 102 18\">\n\t\t<use xlink:href=\"#stars-0\" \/>\n\t\t<use xlink:href=\"#stars-half-star\" \/>\n\t<\/symbol>\n\n\t<symbol id=\"stars-2\" viewBox=\"0 0 102 18\">\n\t\t<use xlink:href=\"#stars-0\" \/>\n\t\t<use xlink:href=\"#stars-full-star\" fill=\"#ffdc0f\" \/>\n\t<\/symbol>\n\n\t<symbol id=\"stars-3\" viewBox=\"0 0 102 18\">\n\t\t<use xlink:href=\"#stars-2\" \/>\n\t\t<use xlink:href=\"#stars-half-star\" transform=\"translate(21)\" \/>\n\t<\/symbol>\n\n\t<symbol id=\"stars-4\" viewBox=\"0 0 102 18\">\n\t\t<use xlink:href=\"#stars-2\" \/>\n\t\t<use xlink:href=\"#stars-full-star\" fill=\"#ffdc0f\" transform=\"translate(21)\" \/>\n\t<\/symbol>\n\n\t<symbol id=\"stars-5\" viewBox=\"0 0 102 18\">\n\t\t<use xlink:href=\"#stars-4\" \/>\n\t\t<use xlink:href=\"#stars-half-star\" transform=\"translate(42)\" \/>\n\t<\/symbol>\n\n\t<symbol id=\"stars-6\" viewBox=\"0 0 102 18\">\n\t\t<use xlink:href=\"#stars-4\" \/>\n\t\t<use xlink:href=\"#stars-full-star\" fill=\"#ffdc0f\" transform=\"translate(42)\" \/>\n\t<\/symbol>\n\n\t<symbol id=\"stars-7\" viewBox=\"0 0 102 18\">\n\t\t<use xlink:href=\"#stars-6\" \/>\n\t\t<use xlink:href=\"#stars-half-star\" transform=\"translate(63)\" \/>\n\t<\/symbol>\n\n\t<symbol id=\"stars-8\" viewBox=\"0 0 102 18\">\n\t\t<use xlink:href=\"#stars-6\" \/>\n\t\t<use xlink:href=\"#stars-full-star\" fill=\"#ffdc0f\" transform=\"translate(63)\" \/>\n\t<\/symbol>\n\n\t<symbol id=\"stars-9\" viewBox=\"0 0 102 18\">\n\t\t<use xlink:href=\"#stars-8\" \/>\n\t\t<use xlink:href=\"#stars-half-star\" transform=\"translate(84)\" \/>\n\t<\/symbol>\n\n\t<symbol id=\"stars-10\" viewBox=\"0 0 102 18\">\n\t\t<use xlink:href=\"#stars-all-star\" fill=\"#ffdc0f\" \/>\n\t<\/symbol>\n<\/svg>\n\n<h2><b>Tipos de p\u00f3liza del seguro m\u00e9dico Meridiano<\/b><\/h2>\n<div class=\"desplazamiento\">\n<p>Entre los seguros que ofrece la compa\u00f1\u00eda Meridiano no hay ning\u00fan seguro m\u00e9dico disponible en estos momentos, por lo que no hay p\u00f3lizas que puedan ofrecer. Sin embargo, en Mister Salud podr\u00e1s encontrar una amplia gama de aseguradoras con diferentes tipos de p\u00f3lizas que se adaptan a todas tus necesidades y los servicios que deseas, y, sobre todo, a los mejores precios. Nuestra amplia experiencia en el sector de los seguros te garantiza que puedas escoger la mejor opci\u00f3n personalizada a lo que andas buscando, para ello puedes ser t\u00fa mismo el que compares unas y otras con la extensa descripci\u00f3n que te ofrecemos de cada una de ella o, si lo prefieres, consultar con nuestros profesionales que te ayudar\u00e1n a comparar y encontrar la mejor compa\u00f1\u00eda para ti y los tuyos, adem\u00e1s de buscar la p\u00f3liza que m\u00e1s se adapte a tus demandas.<\/p>\n<\/div>\n<\/div><\/div><\/div><\/div>\n<h3><b>Seguro m\u00e9dico familiar Meridiano<\/b><\/h3>\n<p>Actualmente la compa\u00f1\u00eda de seguros Meridiano no trabaja con seguros de salud entre sus servicios. No obstante, en MisterSalud te ofrecemos muchas otras aseguradoras que s\u00ed ofrecen este servicio m\u00e9dico a sus clientes y, adem\u00e1s, podemos ayudarte a que encuentres la que mejor se adapte a tus necesidades y a las de tu familia. Puedes comparar entre todas las compa\u00f1\u00edas que te ofrecemos para descubrir el mejor seguro m\u00e9dico familiar posible y que cubra todas las coberturas que tu familia necesita.<\/p>\n<div class=\"colorf \"  ><div class=\"container clearfix\"><div class=\"col-md-7\"><\/p>\n<h3><b>Seguro m\u00e9dico con copago Meridiano<\/b><\/h3>\n<p>En la actualidad la aseguradora Meridiano no ofrece ning\u00fan servicio de tipo m\u00e9dico de ninguna clase. No obstante, si est\u00e1s buscando un seguro m\u00e9dico con copago en Mister Salud podr\u00e1s encontrar un amplio cat\u00e1logo con las mejores compa\u00f1\u00edas del mercado y todos los tipos de p\u00f3lizas que ofrece para garantizarte todos los servicios que desees. Hay muchas aseguradoras con copagos muy econ\u00f3micos por diferentes servicios, puedes comprobarlo t\u00fa mismo consultando la descripci\u00f3n de todas ellas en nuestra web o consultando con nuestros profesionales en una llamada.<\/p>\n<p><\/div><\/div><\/div>\n<h3><b>Seguro m\u00e9dico sin copago Meridiano<\/b><\/h3>\n<p>Meridiano no tiene en su cat\u00e1logo ning\u00fan seguro m\u00e9dico disponible para sus clientes. Sin embargo, hay otras muchas opciones a las que puedes optar si est\u00e1s buscando un seguro de salud libre de copagos. En Mister Salud podr\u00e1s encontrar la que mejor se adapte a tus necesidades y a tus demandas m\u00e1s concretas y personalizadas, para que tanto t\u00fa como tu familia disfrutes de todas las ventajas que te ofrece la sanidad privada. Encuentra la compa\u00f1\u00eda que mejor cubra todo ello a trav\u00e9s de nuestra web o bien en una llamada de tel\u00e9fono que te har\u00e1n una vez rellenes el formulario que aparece en esta misma p\u00e1gina.<\/p>\n<div class=\"accordion\" id=\"preguntas_desplegables\">\n<h2>Preguntas frecuentes sobre el seguro m\u00e9dico Meridiano<\/h2>\n<p>Sabemos que el hecho de buscar el mejor seguro de salud puede ser una tarea complicada y donde surgen muchas dudas. Por eso, desde Mister Salud, con nuestra amplia experiencia en el sector de los seguros, queremos ayudarte en todo lo necesario para que este proceso sea lo m\u00e1s breve y f\u00e1cil posible, y que una vez haya terminado est\u00e9s disfrutando del seguro m\u00e9dico que mejor se adapta a lo que demandes. Para ello, hemos dispuesto un amplio cat\u00e1logo con todas las aseguradoras junto a una detallada descripci\u00f3n de todos sus servicios, para que conozcas de primera mano todas sus ventajas y coberturas. As\u00ed mismo, si todav\u00eda tienes m\u00e1s preguntas sobre cualquiera de ellas podr\u00e1s consultar con nuestros profesionales que estar\u00e1n encantados de ayudarte en lo que necesites.<\/p>\n<p>Tambi\u00e9n, para facilitarte a\u00fan m\u00e1s este proceso, hemos querido poner a tu disposici\u00f3n algunas de las preguntas m\u00e1s frecuentes que otros usuarios tiene sobre las compa\u00f1\u00edas y sus seguros m\u00e9dicos.<\/p>\n<div class=\"pregunta \"  ><div class=\"accordion-item\">\n\t\t\t \t    <h3 class=\"accordion-header\" id=\"heading1\">\n\t\t\t\t\t \t<button class=\"accordion-button collapsed\" type=\"button\" data-bs-toggle=\"collapse\" data-bs-target=\"#collapse1\" aria-expanded=\"false\" aria-controls=\"collapse1\">\n\t\t\t\t\t\t\t<b>\u00bfD\u00f3nde contratar el seguro m\u00e9dico Meridiano?<\/b>\n\t\t\t\t\t \t<\/button>\n\t\t\t\t    <\/h3>\n\t\t\t\t    <div id=\"collapse1\" class=\"accordion-collapse collapse \" aria-labelledby=\"heading1\" data-bs-parent=\"#preguntas_desplegables\">\n\t\t\t\t\t\t<div class=\"accordion-body\">\n\t\t\t\t\t\t\t\n<p>Desde nuestra propia p\u00e1gina web de MisterSalud podr\u00e1s contratar el seguro que deseas con cualquier compa\u00f1\u00eda. Actualmente, la aseguradora Meridiano no trabaja con seguros m\u00e9dicos para sus clientes, pero hay otras muchas ofertas muy interesantes en este sector, y seguro que encontrar\u00e1s la que mejor se adapte a tus demandas. Podemos ayudarte en esta elecci\u00f3n y poder contratar la p\u00f3liza que desees de la manera m\u00e1s sencilla y r\u00e1pida posible, para que puedas disfrutar cuanto antes de las ventajas de tu nueva compa\u00f1\u00eda de seguro m\u00e9dico.<\/p>\n<p>\n\t\t\t\t\t\t<\/div>\n\t\t\t\t\t<\/div>\n\t\t\t\t<\/div>\t<\/div> <div class=\"pregunta \"  ><div class=\"accordion-item\">\n\t\t\t \t    <h3 class=\"accordion-header\" id=\"heading2\">\n\t\t\t\t\t \t<button class=\"accordion-button collapsed\" type=\"button\" data-bs-toggle=\"collapse\" data-bs-target=\"#collapse2\" aria-expanded=\"false\" aria-controls=\"collapse2\">\n\t\t\t\t\t\t\t<b>\u00bfPuedo viajar con el seguro m\u00e9dico de Meridiano?<\/b>\n\t\t\t\t\t \t<\/button>\n\t\t\t\t    <\/h3>\n\t\t\t\t    <div id=\"collapse2\" class=\"accordion-collapse collapse \" aria-labelledby=\"heading2\" data-bs-parent=\"#preguntas_desplegables\">\n\t\t\t\t\t\t<div class=\"accordion-body\">\n\t\t\t\t\t\t\t<\/p>\n<p>En la actualidad la compa\u00f1\u00eda Meridiano no ofrece a sus clientes ning\u00fan seguro m\u00e9dico. No obstante, si lo que est\u00e1s buscando es un seguro de salud que te cubra cualquier imprevisto en alguno de tus viajes, puedes optar por contratar cualquiera de las muchas p\u00f3lizas y compa\u00f1\u00edas que disponemos en MisterSalud, asimismo, te ayudamos a que encuentres la que mejor se adapte a tus condiciones m\u00e1s personales.<\/p>\n<p>\n\t\t\t\t\t\t<\/div>\n\t\t\t\t\t<\/div>\n\t\t\t\t<\/div>\t<\/div><\/p>\n<div class=\"pregunta \"  ><div class=\"accordion-item\">\n\t\t\t \t    <h3 class=\"accordion-header\" id=\"heading3\">\n\t\t\t\t\t \t<button class=\"accordion-button collapsed\" type=\"button\" data-bs-toggle=\"collapse\" data-bs-target=\"#collapse3\" aria-expanded=\"false\" aria-controls=\"collapse3\">\n\t\t\t\t\t\t\t<b>\u00bfQu\u00e9 cubre el seguro m\u00e9dico de Meridiano?<\/b>\n\t\t\t\t\t \t<\/button>\n\t\t\t\t    <\/h3>\n\t\t\t\t    <div id=\"collapse3\" class=\"accordion-collapse collapse \" aria-labelledby=\"heading3\" data-bs-parent=\"#preguntas_desplegables\">\n\t\t\t\t\t\t<div class=\"accordion-body\">\n\t\t\t\t\t\t\t<\/p>\n<p>No hay disponible ning\u00fan seguro m\u00e9dico ofrecido por la compa\u00f1\u00eda de seguros Meridiano, \u00fanicamente ofrecen servicios m\u00e9dicos con descuentos a sus clientes del seguro de decesos. No obstante, en MisterSalud podr\u00e1s encontrar muchas otras opciones de compa\u00f1\u00edas aseguradoras que pueden adaptarse a todas tus demandas. No dudes en comparar cual de todas es la que m\u00e1s puede beneficiar tanto a ti como a tu familia.<\/p>\n<p>\n\t\t\t\t\t\t<\/div>\n\t\t\t\t\t<\/div>\n\t\t\t\t<\/div>\t<\/div>\n<\/div>\n<div class=\"colorf\"><div class=\"container clearfix\"><div class=\"col-md-7\"><div class=\"empresas\">\n<h3>Compa\u00f1\u00edas de seguros m\u00e9dicos<\/h3>\n<div class=\"enlazado\"><ul><li><a href=\"https:\/\/mistersalud.com\/seguros\/companias\/allianz\/\"><span>Seguro M\u00e9dico Allianz<\/span><\/a><\/li><li><a href=\"https:\/\/mistersalud.com\/seguros\/companias\/asisa\/\"><span>Seguro M\u00e9dico Asisa<\/span><\/a><\/li><li><a href=\"https:\/\/mistersalud.com\/seguros\/companias\/caixabank\/\"><span>Seguro M\u00e9dico CaixaBank<\/span><\/a><\/li><li><a href=\"https:\/\/mistersalud.com\/seguros\/companias\/ergo\/\"><span>Seguro M\u00e9dico Ergo<\/span><\/a><\/li><li><a href=\"https:\/\/mistersalud.com\/seguros\/companias\/expertia\/\"><span>Seguro M\u00e9dico Expertia<\/span><\/a><\/li><li><a href=\"https:\/\/mistersalud.com\/seguros\/companias\/groupama\/\"><span>Seguro M\u00e9dico Groupama<\/span><\/a><\/li><li><a href=\"https:\/\/mistersalud.com\/seguros\/companias\/mutua-terrassa\/\"><span>Seguro M\u00e9dico Mutua Terrassa<\/span><\/a><\/li><li><a href=\"https:\/\/mistersalud.com\/seguros\/companias\/soliss\/\"><span>Seguro M\u00e9dico Soliss<\/span><\/a><\/li><li><a href=\"https:\/\/mistersalud.com\/seguros\/companias\/targobank\/\"><span>Seguro M\u00e9dico Targobank<\/span><\/a><\/li><li><a href=\"https:\/\/mistersalud.com\/seguros\/companias\/union-alcoyana\/\"><span>Seguro M\u00e9dico Uni\u00f3n Alcoyana<\/span><\/a><\/li><li><a href=\"https:\/\/mistersalud.com\/seguros\/companias\/atocha\/\"><span>Seguro m\u00e9dico Atocha<\/span><\/a><\/li><li><a href=\"https:\/\/mistersalud.com\/seguros\/companias\/axa\/\"><span>Seguro m\u00e9dico Axa<\/span><\/a><\/li><li><a href=\"https:\/\/mistersalud.com\/seguros\/companias\/banco-de-albacete\/\"><span>Seguro m\u00e9dico Banco de Albacete<\/span><\/a><\/li><li><a href=\"https:\/\/mistersalud.com\/seguros\/companias\/carrefour\/\"><span>Seguro m\u00e9dico Carrefour<\/span><\/a><\/li><li><a href=\"https:\/\/mistersalud.com\/seguros\/companias\/caser\/\"><span>Seguro m\u00e9dico Caser<\/span><\/a><\/li><li><a href=\"https:\/\/mistersalud.com\/seguros\/companias\/catalana-occidente\/\"><span>Seguro m\u00e9dico Catalana Occidente<\/span><\/a><\/li><li><a href=\"https:\/\/mistersalud.com\/seguros\/companias\/endesa\/\"><span>Seguro m\u00e9dico Endesa<\/span><\/a><\/li><li><a href=\"https:\/\/mistersalud.com\/seguros\/companias\/evo-banco\/\"><span>Seguro m\u00e9dico Evo Banco<\/span><\/a><\/li><li><a href=\"https:\/\/mistersalud.com\/seguros\/companias\/helvetia\/\"><span>Seguro m\u00e9dico Helvetia<\/span><\/a><\/li><li><a href=\"https:\/\/mistersalud.com\/seguros\/companias\/kutxabank\/\"><span>Seguro m\u00e9dico Kutxabank<\/span><\/a><\/li><li><a href=\"https:\/\/mistersalud.com\/seguros\/companias\/la-fe\/\"><span>Seguro m\u00e9dico La F\u00e9<\/span><\/a><\/li><li><a href=\"https:\/\/mistersalud.com\/seguros\/companias\/medicos-filantropicos\/\"><span>Seguro m\u00e9dico M\u00e9dicos Filantr\u00f3picos<\/span><\/a><\/li><li><a href=\"https:\/\/mistersalud.com\/seguros\/companias\/nara\/\"><span>Seguro m\u00e9dico Nara<\/span><\/a><\/li><li><a href=\"https:\/\/mistersalud.com\/seguros\/companias\/nationale-nederlanden\/\"><span>Seguro m\u00e9dico Nationale Nederlanden<\/span><\/a><\/li><li><a href=\"https:\/\/mistersalud.com\/seguros\/companias\/nueva-mutua-sanitaria\/\"><span>Seguro m\u00e9dico Nueva Mutua Sanitaria<\/span><\/a><\/li><li><a href=\"https:\/\/mistersalud.com\/seguros\/companias\/nuez\/\"><span>Seguro m\u00e9dico Nuez<\/span><\/a><\/li><li><a href=\"https:\/\/mistersalud.com\/seguros\/companias\/ocaso\/\"><span>Seguro m\u00e9dico Ocaso<\/span><\/a><\/li><li><a href=\"https:\/\/mistersalud.com\/seguros\/companias\/santa-lucia\/\"><span>Seguro m\u00e9dico Santa Luc\u00eda<\/span><\/a><\/li><li><a href=\"https:\/\/mistersalud.com\/seguros\/companias\/union-madrilena\/\"><span>Seguro m\u00e9dico Uni\u00f3n Madrile\u00f1a<\/span><\/a><\/li><li><a href=\"https:\/\/mistersalud.com\/seguros\/companias\/vivaz\/\"><span>Seguro m\u00e9dico Vivaz<\/span><\/a><\/li><\/ul><\/div>\n<p><\/div><\/div><\/div><\/div><br \/>\n<div class=\"oficinas\"><\/p>\n<div><!-- No shortcodes are defined --><\/div>\n<\/div>\n","protected":false},"excerpt":{"rendered":"<p>La compa\u00f1\u00eda Meridiano es una de las compa\u00f1\u00edas de seguros de decesos m\u00e1s importantes de Espa\u00f1a. En sus m\u00e1s de 50 a\u00f1os de experiencia, ha conseguido una amplia red de clientes y oficinas en todo el territorio nacional. Fue creada en 1966 y desde entonces ha ido creciendo de forma exponencial y, en 2003, pas\u00f3&hellip; <\/p>\n","protected":false},"author":2,"featured_media":0,"parent":22,"menu_order":0,"comment_status":"closed","ping_status":"closed","template":"single.php","meta":{"footnotes":""},"class_list":["post-132","page","type-page","status-publish","hentry"],"yoast_head":"<!-- This site is optimized with the Yoast SEO plugin v27.4 - https:\/\/yoast.com\/product\/yoast-seo-wordpress\/ -->\n<title>Seguro m\u00e9dico Meridiano - misterSalud<\/title>\n<meta name=\"robots\" content=\"index, follow, max-snippet:-1, max-image-preview:large, max-video-preview:-1\" \/>\n<link rel=\"canonical\" href=\"https:\/\/mistersalud.com\/seguros\/companias\/meridiano\/\" \/>\n<meta property=\"og:locale\" content=\"es_ES\" \/>\n<meta property=\"og:type\" content=\"article\" \/>\n<meta property=\"og:title\" content=\"Seguro m\u00e9dico Meridiano - misterSalud\" \/>\n<meta property=\"og:description\" content=\"La compa\u00f1\u00eda Meridiano es una de las compa\u00f1\u00edas de seguros de decesos m\u00e1s importantes de Espa\u00f1a. En sus m\u00e1s de 50 a\u00f1os de experiencia, ha conseguido una amplia red de clientes y oficinas en todo el territorio nacional. Fue creada en 1966 y desde entonces ha ido creciendo de forma exponencial y, en 2003, pas\u00f3&hellip;\" \/>\n<meta property=\"og:url\" content=\"https:\/\/mistersalud.com\/seguros\/companias\/meridiano\/\" \/>\n<meta property=\"og:site_name\" content=\"misterSalud\" \/>\n<meta name=\"twitter:card\" content=\"summary_large_image\" \/>\n<meta name=\"twitter:label1\" content=\"Tiempo de lectura\" \/>\n\t<meta name=\"twitter:data1\" content=\"7 minutos\" \/>\n<script type=\"application\/ld+json\" class=\"yoast-schema-graph\">{\"@context\":\"https:\\\/\\\/schema.org\",\"@graph\":[{\"@type\":\"WebPage\",\"@id\":\"https:\\\/\\\/mistersalud.com\\\/seguros\\\/companias\\\/meridiano\\\/\",\"url\":\"https:\\\/\\\/mistersalud.com\\\/seguros\\\/companias\\\/meridiano\\\/\",\"name\":\"Seguro m\u00e9dico Meridiano - misterSalud\",\"isPartOf\":{\"@id\":\"https:\\\/\\\/mistersalud.com\\\/seguros\\\/#website\"},\"datePublished\":\"2022-05-30T12:01:53+00:00\",\"breadcrumb\":{\"@id\":\"https:\\\/\\\/mistersalud.com\\\/seguros\\\/companias\\\/meridiano\\\/#breadcrumb\"},\"inLanguage\":\"es\",\"potentialAction\":[{\"@type\":\"ReadAction\",\"target\":[\"https:\\\/\\\/mistersalud.com\\\/seguros\\\/companias\\\/meridiano\\\/\"]}]},{\"@type\":\"BreadcrumbList\",\"@id\":\"https:\\\/\\\/mistersalud.com\\\/seguros\\\/companias\\\/meridiano\\\/#breadcrumb\",\"itemListElement\":[{\"@type\":\"ListItem\",\"position\":1,\"name\":\"Portada\",\"item\":\"https:\\\/\\\/mistersalud.com\\\/seguros\\\/\"},{\"@type\":\"ListItem\",\"position\":2,\"name\":\"Compa\u00f1\u00edas de Seguros de Salud en Espa\u00f1a\",\"item\":\"https:\\\/\\\/mistersalud.com\\\/seguros\\\/companias\\\/\"},{\"@type\":\"ListItem\",\"position\":3,\"name\":\"Seguro m\u00e9dico Meridiano\"}]},{\"@type\":\"WebSite\",\"@id\":\"https:\\\/\\\/mistersalud.com\\\/seguros\\\/#website\",\"url\":\"https:\\\/\\\/mistersalud.com\\\/seguros\\\/\",\"name\":\"misterSalud\",\"description\":\"\",\"publisher\":{\"@id\":\"https:\\\/\\\/mistersalud.com\\\/seguros\\\/#organization\"},\"potentialAction\":[{\"@type\":\"SearchAction\",\"target\":{\"@type\":\"EntryPoint\",\"urlTemplate\":\"https:\\\/\\\/mistersalud.com\\\/seguros\\\/?s={search_term_string}\"},\"query-input\":{\"@type\":\"PropertyValueSpecification\",\"valueRequired\":true,\"valueName\":\"search_term_string\"}}],\"inLanguage\":\"es\"},{\"@type\":\"Organization\",\"@id\":\"https:\\\/\\\/mistersalud.com\\\/seguros\\\/#organization\",\"name\":\"misterSalud\",\"url\":\"https:\\\/\\\/mistersalud.com\\\/seguros\\\/\",\"logo\":{\"@type\":\"ImageObject\",\"inLanguage\":\"es\",\"@id\":\"https:\\\/\\\/mistersalud.com\\\/seguros\\\/#\\\/schema\\\/logo\\\/image\\\/\",\"url\":\"https:\\\/\\\/mistersalud.com\\\/seguros\\\/wp-content\\\/uploads\\\/2022\\\/05\\\/logo-mistersalud.png\",\"contentUrl\":\"https:\\\/\\\/mistersalud.com\\\/seguros\\\/wp-content\\\/uploads\\\/2022\\\/05\\\/logo-mistersalud.png\",\"width\":178,\"height\":89,\"caption\":\"misterSalud\"},\"image\":{\"@id\":\"https:\\\/\\\/mistersalud.com\\\/seguros\\\/#\\\/schema\\\/logo\\\/image\\\/\"}}]}<\/script>\n<!-- \/ Yoast SEO plugin. -->","yoast_head_json":{"title":"Seguro m\u00e9dico Meridiano - misterSalud","robots":{"index":"index","follow":"follow","max-snippet":"max-snippet:-1","max-image-preview":"max-image-preview:large","max-video-preview":"max-video-preview:-1"},"canonical":"https:\/\/mistersalud.com\/seguros\/companias\/meridiano\/","og_locale":"es_ES","og_type":"article","og_title":"Seguro m\u00e9dico Meridiano - misterSalud","og_description":"La compa\u00f1\u00eda Meridiano es una de las compa\u00f1\u00edas de seguros de decesos m\u00e1s importantes de Espa\u00f1a. En sus m\u00e1s de 50 a\u00f1os de experiencia, ha conseguido una amplia red de clientes y oficinas en todo el territorio nacional. Fue creada en 1966 y desde entonces ha ido creciendo de forma exponencial y, en 2003, pas\u00f3&hellip;","og_url":"https:\/\/mistersalud.com\/seguros\/companias\/meridiano\/","og_site_name":"misterSalud","twitter_card":"summary_large_image","twitter_misc":{"Tiempo de lectura":"7 minutos"},"schema":{"@context":"https:\/\/schema.org","@graph":[{"@type":"WebPage","@id":"https:\/\/mistersalud.com\/seguros\/companias\/meridiano\/","url":"https:\/\/mistersalud.com\/seguros\/companias\/meridiano\/","name":"Seguro m\u00e9dico Meridiano - misterSalud","isPartOf":{"@id":"https:\/\/mistersalud.com\/seguros\/#website"},"datePublished":"2022-05-30T12:01:53+00:00","breadcrumb":{"@id":"https:\/\/mistersalud.com\/seguros\/companias\/meridiano\/#breadcrumb"},"inLanguage":"es","potentialAction":[{"@type":"ReadAction","target":["https:\/\/mistersalud.com\/seguros\/companias\/meridiano\/"]}]},{"@type":"BreadcrumbList","@id":"https:\/\/mistersalud.com\/seguros\/companias\/meridiano\/#breadcrumb","itemListElement":[{"@type":"ListItem","position":1,"name":"Portada","item":"https:\/\/mistersalud.com\/seguros\/"},{"@type":"ListItem","position":2,"name":"Compa\u00f1\u00edas de Seguros de Salud en Espa\u00f1a","item":"https:\/\/mistersalud.com\/seguros\/companias\/"},{"@type":"ListItem","position":3,"name":"Seguro m\u00e9dico Meridiano"}]},{"@type":"WebSite","@id":"https:\/\/mistersalud.com\/seguros\/#website","url":"https:\/\/mistersalud.com\/seguros\/","name":"misterSalud","description":"","publisher":{"@id":"https:\/\/mistersalud.com\/seguros\/#organization"},"potentialAction":[{"@type":"SearchAction","target":{"@type":"EntryPoint","urlTemplate":"https:\/\/mistersalud.com\/seguros\/?s={search_term_string}"},"query-input":{"@type":"PropertyValueSpecification","valueRequired":true,"valueName":"search_term_string"}}],"inLanguage":"es"},{"@type":"Organization","@id":"https:\/\/mistersalud.com\/seguros\/#organization","name":"misterSalud","url":"https:\/\/mistersalud.com\/seguros\/","logo":{"@type":"ImageObject","inLanguage":"es","@id":"https:\/\/mistersalud.com\/seguros\/#\/schema\/logo\/image\/","url":"https:\/\/mistersalud.com\/seguros\/wp-content\/uploads\/2022\/05\/logo-mistersalud.png","contentUrl":"https:\/\/mistersalud.com\/seguros\/wp-content\/uploads\/2022\/05\/logo-mistersalud.png","width":178,"height":89,"caption":"misterSalud"},"image":{"@id":"https:\/\/mistersalud.com\/seguros\/#\/schema\/logo\/image\/"}}]}},"_links":{"self":[{"href":"https:\/\/mistersalud.com\/seguros\/wp-json\/wp\/v2\/pages\/132","targetHints":{"allow":["GET"]}}],"collection":[{"href":"https:\/\/mistersalud.com\/seguros\/wp-json\/wp\/v2\/pages"}],"about":[{"href":"https:\/\/mistersalud.com\/seguros\/wp-json\/wp\/v2\/types\/page"}],"author":[{"embeddable":true,"href":"https:\/\/mistersalud.com\/seguros\/wp-json\/wp\/v2\/users\/2"}],"replies":[{"embeddable":true,"href":"https:\/\/mistersalud.com\/seguros\/wp-json\/wp\/v2\/comments?post=132"}],"version-history":[{"count":1,"href":"https:\/\/mistersalud.com\/seguros\/wp-json\/wp\/v2\/pages\/132\/revisions"}],"predecessor-version":[{"id":134,"href":"https:\/\/mistersalud.com\/seguros\/wp-json\/wp\/v2\/pages\/132\/revisions\/134"}],"up":[{"embeddable":true,"href":"https:\/\/mistersalud.com\/seguros\/wp-json\/wp\/v2\/pages\/22"}],"wp:attachment":[{"href":"https:\/\/mistersalud.com\/seguros\/wp-json\/wp\/v2\/media?parent=132"}],"curies":[{"name":"wp","href":"https:\/\/api.w.org\/{rel}","templated":true}]}}